= i**2 - 72*i - 1335. What is y(87)?
-30
Let x(y) = -874*y + 1690. What is x(2)?
-58
Let n(a) = -a**3 + 159*a**2 + 311*a + 1762. What is n(161)?
-9
Let s(z) = -34*z + 509. Calculate s(13).
67
Let y(n) = -114*n - 341. Give y(6).
-1025
Let p(o) = o**3 + 6*o**2 + 4*o - 32. What is p(-6)?
-56
Let m(n) = 4*n**3 - 84*n**2 + 7*n - 164. What is m(21)?
-17
Let y(s) = s - 84. What is y(6)?
-78
Let p(w) = -6*w + 5. Determine p(-14).
89
Let h(k) = -11*k**2 + 17*k + 15. Give h(6).
-279
Let j(f) = -f**2 + 13*f + 326. Determine j(25).
26
Let o(v) = -v**3 + v**2 - 21*v - 1012. Calculate o(-9).
-13
Let w(r) = -r**3 + 9*r**2 + 103*r + 49. What is w(-6)?
-29
Let i(s) = 4*s**3 - s**2 + s + 285. What is i(0)?
285
Let x(s) = s**3 + 3*s**2 - 36*s - 25. What is x(-7)?
31
Let d(s) = 4*s**2 + 21*s + 23. What is d(-2)?
-3
Let y(m) = -m**2 - 60*m + 5954. What is y(53)?
-35
Let h(p) = 14*p**3 + 5*p**2 + p - 6. Give h(2).
128
Let v(u) = 5*u - 251. Give v(50).
-1
Let s(g) = g**2 + 42*g - 9. Give s(-43).
34
Let a(z) = -z**3 - 101*z**2 - 199*z - 107. Give a(-99).
-8
Let z(r) = -29*r - 428. Give z(-19).
123
Let m(o) = -o**3 - 30*o**2 - 59*o + 3. Calculate m(-4).
-177
Let y(p) = -p**3 - 13*p**2 + 32*p - 33. Give y(-15).
-63
Let t(c) = c**3 - 121*c**2 + 581*c - 5. Calculate t(5).
0
Let t(m) = m**2 - 3*m + 52. Give t(0).
52
Let i(r) = -2*r**3 - 145*r**2 - 2028*r + 89. What is i(-19)?
-6
Let u(x) = 349*x - 12553. Give u(36).
11
Let g(u) = u**3 - 61*u**2 + 122*u + 144. Determine g(59).
380
Let v(a) = 78*a**2 - 90*a + 184. Calculate v(2).
316
Let a(d) = 1009*d - 5043. Give a(5).
2
Let h(i) = -15*i**2 + 16*i + 27. Give h(-2).
-65
Let z(y) = -y**3 - 70*y**2 + 648*y - 187. Determine z(8).
5
Let g(u) = 2400*u - 24032. Determine g(10).
-32
Let y(p) = -2*p**3 - 4*p**2 + 3*p + 4. Determine y(-5).
139
Let l(r) = -18*r**2 - 396*r - 8. Calculate l(-22).
-8
Let x(j) = -8*j + 14. What is x(46)?
-354
Let b(y) = -174*y + 1259. What is b(6)?
215
Let p(y) = -2*y**2 - 3*y + 15. What is p(5)?
-50
Let c(b) = -12*b - 170. Determine c(-19).
58
Let r(k) = 203*k**2 - 21114*k + 209. Give r(104).
1
Let n(b) = 356*b + 20270. What is n(-57)?
-22
Let h(l) = -178*l - 889. Determine h(-5).
1
Let d(k) = -k**3 + 109*k + 455. Calculate d(-5).
35
Let h(c) = 721*c + 1. Calculate h(0).
1
Let h(m) = m**3 - 48*m**2 + 304*m - 698. Calculate h(41).
-1
Let g(d) = -d**2 - 60*d + 714. What is g(-70)?
14
Let n(d) = -7553*d + 67989. Calculate n(9).
12
Let s(d) = d**3 + 16*d**2 - 31*d + 66. Determine s(-18).
-24
Let z(s) = -2365*s - 35482. What is z(-15)?
-7
Let a(h) = 1030*h + 6065. Give a(-6).
-115
Let i(x) = -4*x**2 - 6*x - 9. Give i(-7).
-163
Let d(w) = -w**3 + 3*w**2 - 3*w + 58. Calculate d(5).
-7
Let u(k) = -5*k**2 - 14*k + 1882. Calculate u(18).
10
Let p(t) = -22*t + 324. Calculate p(7).
170
Let t(d) = 2*d**3 - 5*d**2 + 22*d - 25. Give t(2).
15
Let c(u) = -u**2 - 28*u + 253. What is c(-36)?
-35
Let c(q) = q**3 + 62*q**2 + 705*q - 41. Give c(-47).
-41
Let b(g) = -3*g**2 + 353*g - 1060. Calculate b(3).
-28
Let o(t) = -558*t + 17288. Determine o(31).
-10
Let v(h) = 10*h**2 - 211*h - 489. What is v(24)?
207
Let h(s) = s**2 - 23*s + 103. Give h(4).
27
Let b(c) = -c**3 + 39*c**2 - 294*c + 116. Determine b(29).
0
Let w(n) = -n**2 - 126*n + 804. Give w(6).
12
Let n(j) = 25*j - 2013. Give n(77).
-88
Let z(h) = -2*h**3 - 54*h**2 - h - 22. Calculate z(-27).
5
Let u(x) = -x**2 + 1249*x + 8797. Give u(-7).
5
Let g(l) = 157*l + 2000. Give g(-13).
-41
Let y(d) = -d**2 - 37*d - 52. Give y(-40).
-172
Let w(u) = 77*u - 1360. Determine w(18).
26
Let o(m) = m**3 + 14*m**2 - 23*m - 114. Give o(-15).
6
Let w(a) = -6*a**2 - 193*a - 733. Give w(-4).
-57
Let n(j) = -j**3 - 1042*j**2 + 6286*j + 17. What is n(6)?
5
Let c(w) = -3*w**2 - 62*w + 19. Calculate c(-20).
59
Let w(u) = -3*u**3 + 879*u**2 - 3464*u - 1145. Give w(289).
11
Let m(i) = -7*i**2 + 38*i - 115. Determine m(10).
-435
Let w(u) = -u**2 - 35*u + 793. What is w(-52)?
-91
Let j(h) = 2*h - 6. Calculate j(-13).
-32
Let s(k) = -5*k**2 - 8*k + 70. What is s(7)?
-231
Let k(n) = -n**2 + 201*n + 1664. Give k(-8).
-8
Let o(h) = 2*h**2 + 4758*h + 19011. Give o(-4).
11
Let g(r) = r**3 - 44*r**2 + 161*r - 49. Determine g(40).
-9
Let u(q) = q**2 - 21*q + 19. Calculate u(25).
119
Let g(o) = -38715*o - 193577. Give g(-5).
-2
Let u(p) = -p**3 + 9*p**2 + 12*p - 19. Give u(10).
1
Let q(j) = -14*j - 23. Determine q(2).
-51
Let j(o) = 23*o + 150. Give j(-5).
35
Let f(k) = -k + 10. What is f(-1)?
11
Let b(d) = -d**2 - 219*d - 7956. Determine b(-46).
2
Let q(t) = -113*t - 9848. What is q(-87)?
-17
Let x(t) = -18*t**2 - 19*t - 106. What is x(-7)?
-855
Let w(v) = -v**2 - 149*v - 4799. Give w(-103).
-61
Let t(z) = 9*z**2 - 5*z - 40. What is t(-4)?
124
Let h(d) = -5*d**2 - 92*d - 83. Calculate h(-17).
36
Let x(d) = -5784*d + 17348. Determine x(3).
-4
Let i(l) = -4*l**2 - 30*l - 58. What is i(-3)?
-4
Let o(s) = -11*s - 55. Give o(26).
-341
Let b(w) = 41*w + 346. Determine b(-10).
-64
Let o(w) = 23*w**3 + 4*w**2 - 15*w + 10. What is o(1)?
22
Let h(s) = -6*s**2 - 2*s + 196. Determine h(-6).
-8
Let g(d) = 512*d + 10223. Determine g(-20).
-17
Let d(o) = o**3 - 207*o**2 + 800*o + 2439. What is d(203)?
3
Let g(k) = -k**3 - 12*k**2 - 170*k - 2376. Give g(-13).
3
Let j(y) = -y**2 + 20*y - 60. Give j(10).
40
Let s(r) = 2*r**2 + 75*r - 32. Calculate s(-38).
6
Let q(i) = 9*i**2 - 47*i + 134. What is q(3)?
74
Let d(n) = 16*n**2 - 176*n + 166. Calculate d(1).
6
Let q(w) = 1224*w + 124851. Give q(-102).
3
Let t(n) = 508*n + 506. What is t(-1)?
-2
Let g(n) = -247*n - 982. What is g(-4)?
6
Let m(v) = -2*v**3 - 22*v**2 + 23*v + 10. What is m(-12)?
22
Let t(k) = 65*k**3 - 21*k + 22. Calculate t(1).
66
Let g(r) = -1609*r - 40224. What is g(-25)?
1
Let c(o) = 45*o + 1108. What is c(-24)?
28
Let b(i) = 4*i**3 - 85*i**2 + 168*i + 57. Calculate b(19).
0
Let g(n) = n**3 + 15*n**2 + 33*n - 29. Determine g(-12).
7
Let z(p) = p**3 + 29*p**2 + 57*p + 94. What is z(-27)?
13
Let q(r) = -24*r + 990. Calculate q(41).
6
Let q(l) = l**2 - 1168*l - 16530. Determine q(-14).
18
Let i(r) = r**3 - 25*r**2 + 112*r + 25. Calculate i(19).
-13
Let q(p) = -27*p**2 + 36*p + 7. What is q(2)?
-29
Let p(i) = -2*i**3 + 4*i**2 + 4*i + 55. Determine p(4).
7
Let p(m) = 81*m + 23. Give p(1).
104
Let b(y) = 11754*y - 188065. Calculate b(16).
-1
Let h(x) = 337*x - 2030. What is h(6)?
-8
Let b(h) = h**2 - 73*h - 319. Determine b(73).
-319
Let f(q) = q**3 - 79*q**2 + 231*q - 9. Give f(3).
0
Let n(t) = 1392*t - 55671. Determine n(40).
9
Let y(p) = 5*p**2 - 162*p - 1281. Give y(-8).
335
Let b(z) = 256*z - 5628. Calculate b(22).
4
Let p(x) = x**3 + 2*x**2 + 17*x - 97. Calculate p(5).
163
Let v(p) = -5*p + 6. Give v(-22).
116
Let k(p) = p**3 - 2*p**2 - 161*p + 479. What is k(3)?
5
Let p(o) = 23*o + 123. Determine p(-7).
-38
Let t(x) = -11*x**3 + 18*x**2 + 39*x + 6. Determine t(-2).
88
Let z(h) = 51*h**3 + 143*h + 145. What is z(-1)?
-49
Let j(w) = -147*w - 1061. Determine j(-7).
-32
Let p(q) = 26*q**2 + 307*q - 11. What is p(-12)?
49
Let v(r) = -r**3 + 49*r**2 - 525*r - 89. Give v(33).
10
Let k(y) = -265*y + 1861. Give k(7).
6
Let p(r) = -84*r - 510. Determine p(-6).
-6
Let v(l) = -62*l**2 + 94*l + 189. Give v(-2).
-247
Let d(x) = -464*x + 2323. Give d(5).
3
Let i(f) = -3*f**3 - 35*f**2 - 74*f + 109. Give i(-5).
-21
Let h(k) = 5*k**2 - 118*k - 167. Determine h(25).
8
Let p(w) = w**2 - 12*w - 10. Give p(-2).
18
Let y(l) = -2*l**2 - 166*l + 3308. Determine y(-99).
140
Let o(c) = 26*c**2 - 413*c - 46. Determine o(16).
2
Let k(u) = -u**3 + 13*u**2 + 47*u - 220. What is k(15)?
35
Let v(q) = 216*q**2 - 98*q - 99. Give v(-1).
215
Let z(q) = q**3 + 32*q**2 + 7*q + 55. Determine z(-32).
-169
Let p(f) = 8*f**3 + 193*f**2 + 1169*f + 64. What is p(-12)?
4
Let w(i) = 15*i**3 - 2*i**2 - 4*i - 1. Give w(-1).
-14
Let c(j) = 75951*j - 151896. Determine c(2).
6
Let j(g) = -2*g + 31. Determine j(-11).
53
Let o(p) = 3*p**3 - 4*p**2 - 7. What is o(-3)?
-124
Let f(o) = -3*o**2 + 37*o + 70. Determine f(14).
0
Let v(n) = -19*n + 76. Determine v(6).
-38
Let a(y) = -y**3 + 36*y**2 - 312*y - 54. Give a(15).
-9
Let b(w) = 352*w + 2482. Determine b(-7).
18
Let j(z) = -2*z**2 - 596*z + 9382. Determine j(15).
-8
Let r(p) = p**3 + 5*p**2 - 50*p - 13. Calculate r(7).
225
Let q(o) = -o**3 - 16*o**2 +